3615 is divided by 342?
341
Calculate the remainder when 10902871 is divided by 23.
20
What is the remainder when 6519 is divided by 76?
59
What is the remainder when 6931 is divided by 184?
123
Calculate the remainder when 92258 is divided by 76.
70
What is the remainder when 3786 is divided by 96?
42
What is the remainder when 6768 is divided by 250?
18
Calculate the remainder when 9628 is divided by 68.
40
What is the remainder when 97110 is divided by 201?
27
What is the remainder when 212079 is divided by 2618?
21
What is the remainder when 1248 is divided by 597?
54
Calculate the remainder when 20567 is divided by 20505.
62
What is the remainder when 64447 is divided by 398?
369
What is the remainder when 87840 is divided by 58?
28
What is the remainder when 9695 is divided by 3227?
14
What is the remainder when 598533 is divided by 131?
125
Calculate the remainder when 1014809 is divided by 3964.
25
What is the remainder when 61568 is divided by 30747?
74
What is the remainder when 142973 is divided by 95?
93
Calculate the remainder when 49275 is divided by 32.
27
What is the remainder when 59665 is divided by 6628?
13
Calculate the remainder when 6164 is divided by 676.
80
What is the remainder when 1005239 is divided by 35?
4
Calculate the remainder when 24788 is divided by 828.
776
Calculate the remainder when 6158 is divided by 162.
2
What is the remainder when 10840 is divided by 1548?
4
What is the remainder when 31463 is divided by 806?
29
Calculate the remainder when 150050 is divided by 3126.
2
Calculate the remainder when 4931 is divided by 352.
3
Calculate the remainder when 2566547 is divided by 316.
311
Calculate the remainder when 8372 is divided by 2787.
11
What is the remainder when 57604 is divided by 929?
6
What is the remainder when 99335 is divided by 20?
15
Calculate the remainder when 434099 is divided by 217045.
9
Calculate the remainder when 230365 is divided by 76757.
94
What is the remainder when 1244 is divided by 39?
35
Calculate the remainder when 5178 is divided by 2178.
822
Calculate the remainder when 3832 is divided by 3712.
120
Calculate the remainder when 21058 is divided by 804.
154
What is the remainder when 5108 is divided by 849?
14
Calculate the remainder when 6439 is divided by 1202.
429
What is the remainder when 3543 is divided by 258?
189
Calculate the remainder when 3589 is divided by 721.
705
What is the remainder when 43186 is divided by 617?
613
Calculate the remainder when 4593 is divided by 38.
33
Calculate the remainder when 127702 is divided by 100.
2
What is the remainder when 106956 is divided by 70?
66
Calculate the remainder when 4960 is divided by 56.
32
Calculate the remainder when 97592 is divided by 849.
806
What is the remainder when 2605 is divided by 38?
21
Calculate the remainder when 53781 is divided by 53689.
92
What is the remainder when 19383 is divided by 3875?
8
What is the remainder when 2675 is divided by 119?
57
Calculate the remainder when 169673 is divided by 338.
335
What is the remainder when 10655 is divided by 518?
295
What is the remainder when 597942 is divided by 49828?
6
What is the remainder when 252758 is divided by 410?
198
Calculate the remainder when 210668 is divided by 62.
54
Calculate the remainder when 674 is divided by 459.
215
What is the remainder when 28221 is divided by 1776?
1581
What is the remainder when 156795 is divided by 17419?
24
Calculate the remainder when 80939 is divided by 114.
113
What is the remainder when 221377 is divided by 20?
17
Calculate the remainder when 13630 is divided by 649.
1
What is the remainder when 515 is divided by 133?
116
Calculate the remainder when 9791 is divided by 15.
11
Calculate the remainder when 61212 is divided by 1495.
1412
What is the remainder when 3119426 is divided by 478?
476
What is the remainder when 8020 is divided by 223?
215
Calculate the remainder when 1953 is divided by 150.
3
Calculate the remainder when 1034 is divided by 968.
66
Calculate the remainder when 3722 is divided by 1002.
716
Calculate the remainder when 4785 is divided by 248.
73
What is the remainder when 19806 is divided by 36?
6
Calculate the remainder when 2856 is divided by 51.
0
What is the remainder when 508 is divided by 50?
8
What is the remainder when 12748 is divided by 1114?
494
Calculate the remainder when 850359 is divided by 264.
15
Calculate the remainder when 156486 is divided by 1647.
21
What is the remainder when 291670 is divided by 41666?
8
Calculate the remainder when 15800 is divided by 71.
38
Calculate the remainder when 3211 is divided by 174.
79
What is the remainder when 15552 is divided by 10?
2
What is the remainder when 11776 is divided by 1650?
226
What is the remainder when 5111 is divided by 49?
15
Calculate the remainder when 20887 is divided by 9.
7
Calculate the remainder when 48213 is divided by 168.
165
Calculate the remainder when 592292 is divided by 55.
52
What is the remainder when 3635 is divided by 113?
19
What is the remainder when 71471 is divided by 217?
78
Calculate the remainder when 525 is divided by 8.
5
Calculate the remainder when 61978 is divided by 61976.
2
Calculate the remainder when 339 is divided by 32.
19
What is the remainder when 5819 is divided by 722?
43
Calculate the remainder when 390322 is divided by 9077.
11
What is the remainder when 86578 is divided by 180?
178
Calculate the remainder when 2042 is divided by 205.
197
Calculate the remainder when 8441 is divided by 2755.
176
Calculate the remainder when 34848 is divided by 2884.
240
Calculate the remainder when 5654 is divided by 2696.
262
Calculate the remainder when 12015 is divided by 1501.
7
Calculate the remainder when 981 is divided by 692.
289
Calculate the remainder when 109805 is divided by 44.
25
What is the remainder when 483318 is divided by 40?
38
What is the remainder when 46987 is divided by 79?
61
Calculate the remainder when 113569 is divided by 51.
43
Calculate the remainder when 4896 is divided by 2444.
8
Calculate the remainder when 7743 is divided by 552.
15
What is the remainder when 29887 is divided by 5875?
512
What is the remainder when 990 is divided by 11?
0
Calculate the remainder when 15280 is divided by 32.
16
Calculate the remainder when 7268 is divided by 2422.
2
Calculate the remainder when 31092 is divided by 129.
3
What is the remainder when 16451 is divided by 842?
453
What is the remainder when 832139 is divided by 135?
134
What is the remainder when 5604 is divided by 1003?
589
What is the remainder when 18658 is divided by 360?
298
What is the remainder when 436648 is divided by 16?
8
What is the remainder when 8787 is divided by 8769?
18
What is the remainder when 2523 is divided by 924?
675
Calculate the remainder when 4556 is divided by 938.
804
What is the remainder when 4609 is divided by 766?
13
Calculate the remainder when 53591 is divided by 93.
23
Calculate the remainder when 64264 is divided by 29.
0
Calculate the remainder when 8078 is divided by 157.
71
What is the remainder when 2357 is divided by 1098?
161
Calculate the remainder when 1792314 is divided by 241.
238
What is the remainder when 108134 is divided by 243?
242
What is the remainder when 2662161 is divided by 876?
873
What is the remainder when 69073 is divided by 34526?
21
What is the remainder when 55652 is divided by 3267?
113
What is the remainder when 799 is divided by 156?
19
What is the remainder when 14542 is divided by 48?
46
What is the remainder when 16946 is divided by 45?
26
What is the remainder when 1002 is divided by 444?
114
Calculate the remainder when 102629 is divided by 330.
329
Calculate the remainder when 222 is divided by 68.
18
What is the remainder when 4749 is divided by 625?
374
Calculate the remainder when 13467 is divided by 3792.
2091
Calculate the remainder when 7346 is divided by 193.
12
Calculate the remainder when 29390 is divided by 426.
422
What is the remainder when 3078698 is divided by 85?
83
Calculate the remainder when 2577 is divided by 2482.
95
What is the remainder when 843030 is divided by 3088?
6
Calculate the remainder when 104626 is divided by 58.
52
Calculate the remainder when 53517 is divided by 6687.
21
What is the remainder when 4728